{"id":87,"date":"2018-08-27T17:27:22","date_gmt":"2018-08-27T15:27:22","guid":{"rendered":"https:\/\/wbook.online\/dieosterwalder\/?page_id=87"},"modified":"2018-08-27T17:48:49","modified_gmt":"2018-08-27T15:48:49","slug":"home","status":"publish","type":"page","link":"https:\/\/wbook.online\/dieosterwalder\/","title":{"rendered":"Home"},"content":{"rendered":"<h1>Hallo Osterwald! Hallo Deutschland! Hallo Europa!<\/h1>\n<h3><span style=\"color: #ff00ff\">Herzlich Willkommen auf dieser Webseite!<\/span><\/h3>\n<p>&nbsp;<\/p>\n<p><img decoding=\"async\" loading=\"lazy\" class=\"alignleft wp-image-13 size-full\" src=\"https:\/\/wbook.online\/dieosterwalder\/wp-content\/uploads\/sites\/7\/2018\/08\/Ortsschild_Osterwald.png\" alt=\"Osterwald Ortsschild\" width=\"200\" height=\"125\" \/>Du m\u00f6chtest etwas mehr \u00fcber Deinen Wohnort Osterwald wissen?<\/p>\n<p>Du m\u00f6chtest Bekannten oder Freunden etwas \u00fcber Osterwald berichten oder erz\u00e4hlen?<\/p>\n<p>Wo liegt Osterwald? Wie lebt es sich in Osterwald? Was lieben die Einwohner von Osterwald an ihrem Ort? Was passiert aktuell in Osterwald?<\/p>\n<h4>Viele Fragen!<\/h4>\n<h4>Und an dieser Stelle m\u00f6chten wir einige Antworten geben!<\/h4>\n<p><img decoding=\"async\" loading=\"lazy\" class=\"aligncenter wp-image-23\" src=\"https:\/\/wbook.online\/dieosterwalder\/wp-content\/uploads\/sites\/7\/2018\/08\/team-3393037_1920-300x130.jpg\" alt=\"\" width=\"600\" height=\"259\" srcset=\"https:\/\/wbook.online\/dieosterwalder\/wp-content\/uploads\/sites\/7\/2018\/08\/team-3393037_1920-300x130.jpg 300w, https:\/\/wbook.online\/dieosterwalder\/wp-content\/uploads\/sites\/7\/2018\/08\/team-3393037_1920-768x332.jpg 768w, https:\/\/wbook.online\/dieosterwalder\/wp-content\/uploads\/sites\/7\/2018\/08\/team-3393037_1920-1024x443.jpg 1024w, https:\/\/wbook.online\/dieosterwalder\/wp-content\/uploads\/sites\/7\/2018\/08\/team-3393037_1920-830x359.jpg 830w, https:\/\/wbook.online\/dieosterwalder\/wp-content\/uploads\/sites\/7\/2018\/08\/team-3393037_1920-230x99.jpg 230w, https:\/\/wbook.online\/dieosterwalder\/wp-content\/uploads\/sites\/7\/2018\/08\/team-3393037_1920-350x151.jpg 350w, https:\/\/wbook.online\/dieosterwalder\/wp-content\/uploads\/sites\/7\/2018\/08\/team-3393037_1920-480x208.jpg 480w, https:\/\/wbook.online\/dieosterwalder\/wp-content\/uploads\/sites\/7\/2018\/08\/team-3393037_1920.jpg 1920w\" sizes=\"(max-width: 600px) 100vw, 600px\" \/><\/p>\n<h5><span style=\"color: #ff0000\">Doch f\u00fcr die Antworten bist auch <strong>Du<\/strong> als Einwohner von Osterwald sehr wichtig!<\/span><\/h5>\n<h5><span style=\"color: #ff0000\">Du bist eben auch Mitglied unseres Osterwald-Redaktion-Teams!<\/span><\/h5>\n<p>Wir, die Redakteure dieser Webseite, freuen uns \u00fcber Deine Informationen oder Deinen Beitrag!<\/p>\n<p><strong>Schreibe uns eine E-Mail! Oder rufe uns an! Oder sende uns Deine Bilder f\u00fcr diese Webseite!<\/strong><\/p>\n<h4><span style=\"color: #ff00ff\">Kategorien<\/span><\/h4>\n<p>Damit Informationen leicht gefunden werden k\u00f6nnen, haben wir als Hauptsuchbegriff Kategorien benannt, denen Eure Beitr\u00e4ge zugeordnet werden:<\/p>\n<h5>Kategorie <span style=\"color: #ff00ff\">Gemeinschaft<\/span><\/h5>\n<p>Diese Kategorie enth\u00e4lt Beitr\u00e4ge zu gemeinschaftlichen, auch vereins\u00fcbergreifenden oder auch interkonfessionellen Ereignissen.<\/p>\n<p>Beispiele: Osterfeuer, Sch\u00fctzenfest, Freiluft-Konzert, Erntedankfest, Weihnachtsmarkt<\/p>\n<h5>Kategorie <span style=\"color: #ff00ff\">Soziales, Umwelt und Vereine<\/span><\/h5>\n<p>Diese Kategorie enth\u00e4lt Beitr\u00e4ge zu sozialem Engagement einzelner Personen oder Gruppen, Beitr\u00e4ge sowie <strong>Adresse und Ansprech-Personen<\/strong> in Vereinen, Beitr\u00e4ge\u00a0sowie <strong>Adresse und Ansprech-Personen<\/strong> in konfessionellen Gruppen (Wusstest Du, dass es in Deutschland neben konfesssionslosen Personen mehr als 110 Religionsgemeinschaften gibt (siehe <a href=\"https:\/\/de.m.wikipedia.org\/wiki\/Religionen_in_Deutschland\" target=\"_blank\" rel=\"noopener\">Link<\/a>)? Wieviele Religionen gibt es in Osterwald?); Beitr\u00e4ge\u00a0sowie <strong>Adresse und Ansprech-Personen<\/strong> in Krippen, Kindergarten, Hort, Schule.<\/p>\n<p><strong>gew\u00fcnscht: Webseiten-Adressen<\/strong>; nicht gew\u00fcnscht: Telefonnummern<\/p>\n<p>Beispiele: Freiwillige Feuerwehr, Heimatverein, Musikverein, Sportverein, Vereine von Tierfreunden, Religionsgemeinschaft, Kindergarten, Grundschule<\/p>\n<h5>Kategorie <span style=\"color: #ff00ff\">Orts-Geschichte<\/span><\/h5>\n<p>Diese Kategorie enth\u00e4lt Beitr\u00e4ge zur Geschichte von Osterwald: Seit wann gibt es Osterwald? Was gibt es Wissenswertes zu fr\u00fcheren Zeiten? Warum gibt es Osterwald <em>Unteres Ende<\/em> und Osterwald <em>Oberes Ende<\/em>?<\/p>\n<h5>Kategorie <span style=\"color: #ff00ff\">Dienstleistung und Handel<\/span><\/h5>\n<p>Diese Kategorie enth\u00e4lt Informationen zu Dienstleistung und Handel in Osterwald. Die <strong>Adressen der Anbieter<\/strong> sollen in einer Karte von Osterwald zwecks leichtem Auffinden dargestellt werden. Fotos der Standort-Immobilien sind zwecks leichtem Auffinden der Adressen erw\u00fcnscht.<\/p>\n<p><strong>gew\u00fcnscht: Namen und Webseiten-Adressen<\/strong>; nicht gew\u00fcnscht: Telefonnummern<\/p>\n<p>Beispiele: \u00c4rzte und Apotheken, Bauunternehmen, Fittnessstudio, Handwerker, Lebensmittel-Gesch\u00e4fte, Rechtsanw\u00e4lte, Steuerberater, Versicherungsmakler &#8230;<\/p>\n<h3><\/h3>\n<h3><span style=\"color: #ff00ff\">Mitmachen erw\u00fcnscht!<\/span><\/h3>\n<p>Sende uns Deinen Beitrag oder Deine Information <strong>hier <\/strong>oder per E-Mail an <a href=\"mailto:redaktion@dieosterwalder.de\">redaktion@dieosterwalder.de<\/a><\/p>\n<p><img decoding=\"async\" loading=\"lazy\" class=\"aligncenter wp-image-52\" src=\"https:\/\/wbook.online\/dieosterwalder\/wp-content\/uploads\/sites\/7\/2018\/08\/wir-alle-3476371_1920-300x178.jpg\" alt=\"Wir-alle-Redaktion\" width=\"900\" height=\"533\" srcset=\"https:\/\/wbook.online\/dieosterwalder\/wp-content\/uploads\/sites\/7\/2018\/08\/wir-alle-3476371_1920-300x178.jpg 300w, https:\/\/wbook.online\/dieosterwalder\/wp-content\/uploads\/sites\/7\/2018\/08\/wir-alle-3476371_1920-768x454.jpg 768w, https:\/\/wbook.online\/dieosterwalder\/wp-content\/uploads\/sites\/7\/2018\/08\/wir-alle-3476371_1920-1024x606.jpg 1024w, https:\/\/wbook.online\/dieosterwalder\/wp-content\/uploads\/sites\/7\/2018\/08\/wir-alle-3476371_1920-830x491.jpg 830w, https:\/\/wbook.online\/dieosterwalder\/wp-content\/uploads\/sites\/7\/2018\/08\/wir-alle-3476371_1920-230x136.jpg 230w, https:\/\/wbook.online\/dieosterwalder\/wp-content\/uploads\/sites\/7\/2018\/08\/wir-alle-3476371_1920-350x207.jpg 350w, https:\/\/wbook.online\/dieosterwalder\/wp-content\/uploads\/sites\/7\/2018\/08\/wir-alle-3476371_1920-480x284.jpg 480w, https:\/\/wbook.online\/dieosterwalder\/wp-content\/uploads\/sites\/7\/2018\/08\/wir-alle-3476371_1920.jpg 1920w\" sizes=\"(max-width: 900px) 100vw, 900px\" \/><\/p>\n<p>&nbsp;<\/p>\n<h3><a href=\"https:\/\/wbook.online\/dieosterwalder\/2018\/08\/27\/hier-ist-osterwald\/\"><span style=\"color: #ff0000\">Hier gehts weiter &#8230;<\/span><\/a><\/h3>\n<p>&nbsp;<\/p>\n<div id=\"SL_balloon_obj\">\n<div id=\"SL_button\" class=\"SL_ImTranslatorLogo\"><\/div>\n<div id=\"SL_shadow_translation_result2\"><\/div>\n<div id=\"SL_shadow_translator\">\n<div id=\"SL_planshet\">\n<div id=\"SL_arrow_up\"><\/div>\n<div id=\"SL_Bproviders\">\n<div id=\"SL_P0\" class=\"SL_BL_LABLE_ON\" title=\"Google\">G<\/div>\n<div id=\"SL_P1\" class=\"SL_BL_LABLE_ON\" title=\"Microsoft\">M<\/div>\n<div id=\"SL_P2\" class=\"SL_BL_LABLE_ON\" title=\"Translator\">T<\/div>\n<\/div>\n<div id=\"SL_alert_bbl\">\n<div id=\"SLHKclose\"><\/div>\n<div id=\"SL_alert_cont\"><\/div>\n<\/div>\n<div id=\"SL_TB\">\n<table id=\"SL_tables\" cellspacing=\"1\">\n<tr>\n<td class=\"SL_td\" align=\"right\" width=\"10%\"><\/td>\n<td class=\"SL_td\" align=\"left\" width=\"20%\">\nDetect language<br \/>\nAfrikaans<br \/>\nAlbanian<br \/>\nAmharic<br \/>\nArabic<br \/>\nArmenian<br \/>\nAzerbaijani<br \/>\nBasque<br \/>\nBelarusian<br \/>\nBengali<br \/>\nBosnian<br \/>\nBulgarian<br \/>\nCatalan<br \/>\nCebuano<br \/>\nChichewa<br \/>\nChinese (Simplified)<br \/>\nChinese (Traditional)<br \/>\nCorsican<br \/>\nCroatian<br \/>\nCzech<br \/>\nDanish<br \/>\nDutch<br \/>\nEnglish<br \/>\nEsperanto<br \/>\nEstonian<br \/>\nFilipino<br \/>\nFinnish<br \/>\nFrench<br \/>\nFrisian<br \/>\nGalician<br \/>\nGeorgian<br \/>\nGerman<br \/>\nGreek<br \/>\nGujarati<br \/>\nHaitian Creole<br \/>\nHausa<br \/>\nHawaiian<br \/>\nHebrew<br \/>\nHindi<br \/>\nHmong<br \/>\nHungarian<br \/>\nIcelandic<br \/>\nIgbo<br \/>\nIndonesian<br \/>\nIrish<br \/>\nItalian<br \/>\nJapanese<br \/>\nJavanese<br \/>\nKannada<br \/>\nKazakh<br \/>\nKhmer<br \/>\nKorean<br \/>\nKurdish<br \/>\nKyrgyz<br \/>\nLao<br \/>\nLatin<br \/>\nLatvian<br \/>\nLithuanian<br \/>\nLuxembourgish<br \/>\nMacedonian<br \/>\nMalagasy<br \/>\nMalay<br \/>\nMalayalam<br \/>\nMaltese<br \/>\nMaori<br \/>\nMarathi<br \/>\nMongolian<br \/>\nMyanmar (Burmese)<br \/>\nNepali<br \/>\nNorwegian<br \/>\nPashto<br \/>\nPersian<br \/>\nPolish<br \/>\nPortuguese<br \/>\nPunjabi<br \/>\nRomanian<br \/>\nRussian<br \/>\nSamoan<br \/>\nScots Gaelic<br \/>\nSerbian<br \/>\nSesotho<br \/>\nShona<br \/>\nSindhi<br \/>\nSinhala<br \/>\nSlovak<br \/>\nSlovenian<br \/>\nSomali<br \/>\nSpanish<br \/>\nSundanese<br \/>\nSwahili<br \/>\nSwedish<br \/>\nTajik<br \/>\nTamil<br \/>\nTelugu<br \/>\nThai<br \/>\nTurkish<br \/>\nUkrainian<br \/>\nUrdu<br \/>\nUzbek<br \/>\nVietnamese<br \/>\nWelsh<br \/>\nXhosa<br \/>\nYiddish<br \/>\nYoruba<br \/>\nZulu\n<\/td>\n<td class=\"SL_td\" align=\"center\" width=\"3\">\n<div id=\"SL_switch_b\" title=\"Switch languages\"><\/div>\n<\/td>\n<td class=\"SL_td\" align=\"left\" width=\"20%\">\nAfrikaans<br \/>\nAlbanian<br \/>\nAmharic<br \/>\nArabic<br \/>\nArmenian<br \/>\nAzerbaijani<br \/>\nBasque<br \/>\nBelarusian<br \/>\nBengali<br \/>\nBosnian<br \/>\nBulgarian<br \/>\nCatalan<br \/>\nCebuano<br \/>\nChichewa<br \/>\nChinese (Simplified)<br \/>\nChinese (Traditional)<br \/>\nCorsican<br \/>\nCroatian<br \/>\nCzech<br \/>\nDanish<br \/>\nDutch<br \/>\nEnglish<br \/>\nEsperanto<br \/>\nEstonian<br \/>\nFilipino<br \/>\nFinnish<br \/>\nFrench<br \/>\nFrisian<br \/>\nGalician<br \/>\nGeorgian<br \/>\nGerman<br \/>\nGreek<br \/>\nGujarati<br \/>\nHaitian Creole<br \/>\nHausa<br \/>\nHawaiian<br \/>\nHebrew<br \/>\nHindi<br \/>\nHmong<br \/>\nHungarian<br \/>\nIcelandic<br \/>\nIgbo<br \/>\nIndonesian<br \/>\nIrish<br \/>\nItalian<br \/>\nJapanese<br \/>\nJavanese<br \/>\nKannada<br \/>\nKazakh<br \/>\nKhmer<br \/>\nKorean<br \/>\nKurdish<br \/>\nKyrgyz<br \/>\nLao<br \/>\nLatin<br \/>\nLatvian<br \/>\nLithuanian<br \/>\nLuxembourgish<br \/>\nMacedonian<br \/>\nMalagasy<br \/>\nMalay<br \/>\nMalayalam<br \/>\nMaltese<br \/>\nMaori<br \/>\nMarathi<br \/>\nMongolian<br \/>\nMyanmar (Burmese)<br \/>\nNepali<br \/>\nNorwegian<br \/>\nPashto<br \/>\nPersian<br \/>\nPolish<br \/>\nPortuguese<br \/>\nPunjabi<br \/>\nRomanian<br \/>\nRussian<br \/>\nSamoan<br \/>\nScots Gaelic<br \/>\nSerbian<br \/>\nSesotho<br \/>\nShona<br \/>\nSindhi<br \/>\nSinhala<br \/>\nSlovak<br \/>\nSlovenian<br \/>\nSomali<br \/>\nSpanish<br \/>\nSundanese<br \/>\nSwahili<br \/>\nSwedish<br \/>\nTajik<br \/>\nTamil<br \/>\nTelugu<br \/>\nThai<br \/>\nTurkish<br \/>\nUkrainian<br \/>\nUrdu<br \/>\nUzbek<br \/>\nVietnamese<br \/>\nWelsh<br \/>\nXhosa<br \/>\nYiddish<br \/>\nYoruba<br \/>\nZulu\n<\/td>\n<td class=\"SL_td\" align=\"center\" width=\"8%\">\n<div id=\"SL_TTS_voice\" title=\"undefined\"><\/div>\n<\/td>\n<td class=\"SL_td\" align=\"center\" width=\"8%\">\n<div id=\"SL_copy\" class=\"SL_copy\" title=\"Copy translation\"><\/div>\n<\/td>\n<td class=\"SL_td\" align=\"center\" width=\"8%\">\n<div id=\"SL_bbl_font_patch\"><\/div>\n<div id=\"SL_bbl_font\" class=\"SL_bbl_font\" title=\"Font size\"><\/div>\n<\/td>\n<td class=\"SL_td\" align=\"center\" width=\"8%\">\n<div id=\"SL_bbl_help\" title=\"Help\"><\/div>\n<\/td>\n<td class=\"SL_td\" align=\"right\" width=\"15%\">\n<div id=\"SL_pin\" class=\"SL_pin_off\" title=\"Pin pop-up bubble\"><\/div>\n<\/td>\n<\/tr>\n<\/table>\n<\/div>\n<\/div>\n<div id=\"SL_shadow_translation_result\"><\/div>\n<div id=\"SL_loading\" class=\"SL_loading\"><\/div>\n<div id=\"SL_player2\"><\/div>\n<div id=\"SL_alert100\">Text-to-speech function is limited to 200 characters<\/div>\n<div id=\"SL_Balloon_options\">\n<div id=\"SL_arrow_down\"><\/div>\n<table id=\"SL_tbl_opt\" width=\"100%\">\n<tr>\n<td align=\"center\" width=\"5%\"><\/td>\n<td align=\"left\" width=\"5%\">\n<div id=\"SL_BBL_IMG\" title=\"Show Translator's button 3 second(s)\"><\/div>\n<\/td>\n<td align=\"center\" width=\"70%\"><a class=\"SL_options\" title=\"Show options\" href=\"\/\/6dfbaa0f-b6ad-4e4c-a477-6d69537cd96a\/content\/html\/options\/options.html?bbl\" target=\"_blank\" rel=\"noopener\">Options<\/a> : <a class=\"SL_options\" title=\"Translation History\" href=\"\/\/6dfbaa0f-b6ad-4e4c-a477-6d69537cd96a\/content\/html\/options\/options.html?hist\" target=\"_blank\" rel=\"noopener\">History<\/a> : <a class=\"SL_options\" title=\"ImTranslator Feedback\" href=\"\/\/6dfbaa0f-b6ad-4e4c-a477-6d69537cd96a\/content\/html\/options\/options.html?feed\" target=\"_blank\" rel=\"noopener\">Feedback<\/a> : <a class=\"SL_options\" title=\"Make a small contribution\" href=\"https:\/\/www.paypal.com\/cgi-bin\/webscr?cmd=_s-xclick&amp;hosted_button_id=GD9D8CPW8HFA2\" target=\"_blank\" rel=\"noopener\">Donate<\/a><\/td>\n<td align=\"right\" width=\"15%\"><span id=\"SL_Balloon_Close\" title=\"Close\">Close<\/span><\/td>\n<\/tr>\n<\/table>\n<\/div>\n<\/div>\n<\/div>\n","protected":false},"excerpt":{"rendered":"<p>Hallo Osterwald! Hallo Deutschland! Hallo Europa! Herzlich Willkommen auf dieser Webseite! &nbsp; Du m\u00f6chtest etwas mehr \u00fcber Deinen Wohnort Osterwald wissen? Du [&hellip;]<\/p>\n","protected":false},"author":3,"featured_media":0,"parent":0,"menu_order":0,"comment_status":"closed","ping_status":"closed","template":"","meta":{"footnotes":""},"_links":{"self":[{"href":"https:\/\/wbook.online\/dieosterwalder\/wp-json\/wp\/v2\/pages\/87"}],"collection":[{"href":"https:\/\/wbook.online\/dieosterwalder\/wp-json\/wp\/v2\/pages"}],"about":[{"href":"https:\/\/wbook.online\/dieosterwalder\/wp-json\/wp\/v2\/types\/page"}],"author":[{"embeddable":true,"href":"https:\/\/wbook.online\/dieosterwalder\/wp-json\/wp\/v2\/users\/3"}],"replies":[{"embeddable":true,"href":"https:\/\/wbook.online\/dieosterwalder\/wp-json\/wp\/v2\/comments?post=87"}],"version-history":[{"count":6,"href":"https:\/\/wbook.online\/dieosterwalder\/wp-json\/wp\/v2\/pages\/87\/revisions"}],"predecessor-version":[{"id":96,"href":"https:\/\/wbook.online\/dieosterwalder\/wp-json\/wp\/v2\/pages\/87\/revisions\/96"}],"wp:attachment":[{"href":"https:\/\/wbook.online\/dieosterwalder\/wp-json\/wp\/v2\/media?parent=87"}],"curies":[{"name":"wp","href":"https:\/\/api.w.org\/{rel}","templated":true}]}}